et w(l) be the first derivative of -3*l**4/4 - 7*l**3/3 - 9*l**2/2 + 10*l - 1. Let v(j) = 11*a(j) + 4*w(j). Give v(-5).
-3
Let z(h) = -3*h**2 + h + 5. Let c(q) = -1. Let w(u) = -6*c(u) - z(u). Give w(1).
3
Let t = -20 - -23. Let m(j) = 3*j + 2. What is m(t)?
11
Let c(p) = -1 + 5*p**2 - 4*p**2 + 3 - 7*p. Let m be c(7). Let k(j) = -m*j + 4*j + 0*j - 4. Determine k(4).
4
Let t be (4 - 4) + 2 - 2. Let x(a) = -a**3 - a**2 + a - 3. Determine x(t).
-3
Let w = -14 + 9. Let k(g) = -6*g**2 - 6*g + 10. Let r(b) = -b**2 - b + 1. Let v(n) = w*r(n) + k(n). What is v(-4)?
-7
Let f(o) be the first derivative of 4 - 5/2*o**2 - 1/3*o**3 + 3*o. Give f(-5).
3
Let h be (-3)/15 + (-58)/10. Let z(j) = j**2 + 4*j - 6. Calculate z(h).
6
Suppose 0 = -3*c - 4*s + 14, 3*c + 5*s = 29 - 10. Let b(p) = -p + 1. Let d(v) = 3*v - 2. Let q(h) = c*b(h) - d(h). Let a = -11 + 7. Calculate q(a).
4
Let y(o) = 7*o**3 - 6*o. Let t = 5 + -11. Let f(g) = -20*g**3 - g**2 + 17*g - 1. Let b(j) = t*f(j) - 17*y(j). What is b(-6)?
6
Let h be ((-4)/(-2))/(10/25). Let y(c) = c + 3. Let z(l) = -l - 4. Let q(k) = h*y(k) + 4*z(k). Let r(n) = -3*n - 4. Let p be r(-3). Give q(p).
4
Let n(q) = 21*q - 119. Let d(x) = -4*x - 17 + 5*x + 11. Let b(t) = -119*d(t) + 6*n(t). Determine b(-2).
-14
Let p(n) = -n**3 - 6*n**2 - n - 4. Let w be p(-6). Suppose -10 = -0*y + y - w*r, y + 4*r = 8. Let d(s) = s**3 + 5*s**2 + 3*s - 2. What is d(y)?
2
Let d(p) = -3*p**3 + 2*p**2 + p. Let v be d(-1). Suppose v*s - 4 = 36. Let q = 5 - s. Let b(u) = -u**3 - 4*u**2 + 4*u + 3. Determine b(q).
8
Let b(y) = 9*y**3 + 1 - 4 - 2*y - 8*y**3 + 4*y**2. Suppose 0 = -2*i - 3*v - 23, -2*v + 19 = -i - 5*v. Determine b(i).
5
Let r(y) be the first derivative of y**3/3 + y**2 + y - 7. Calculate r(-4).
9
Suppose 2*s = 7*s + 15. Let r(n) = n. Let a be r(s). Let c(k) = -5*k - 4. Determine c(a).
11
Let c(j) be the third derivative of j**6/360 - j**5/60 + j**3/6 - 3*j**2. Let o(l) be the first derivative of c(l). Let n be 2/2 - (-1 + 0). What is o(n)?
0
Let v(i) be the second derivative of 1/6*i**3 - 4*i + 1/2*i**2 + 0. Suppose -j - 4*j + 5 = 0. What is v(j)?
2
Suppose 0 = 5*h + 3 - 8. Let y(x) = 2 + 30*x - 1 + h - 31*x. Give y(0).
2
Let b(t) = 4 - 2*t - t**2 - 4*t**2 + t**3 + t. Suppose -r - 3*m - 10 = 0, 3*r = 8*r + 2*m - 15. Determine b(r).
-1
Let c(d) = -d**3 - 4*d**2 + 3*d - 5. Let a = -16 + 93. Let m be (-1)/(-2) + a/(-14). Calculate c(m).
5
Suppose 5*r - 18 = -3. Let x(q) = -q**2 + 1. Determine x(r).
-8
Let y = 0 + 1. Let r = y + -1. Let x(o) = -2*o**2 + 2*o + 1. Let k(c) = c**2 - c - 1. Let f(v) = -9*k(v) - 4*x(v). Determine f(r).
5
Let u be 6/21 + (-30)/252. Let p(a) be the second derivative of 0 - a + u*a**3 + 1/2*a**2. Determine p(-2).
-1
Let m(i) be the second derivative of i**5/20 + i**4/4 - 2*i**3/3 - i**2 + 2*i. Suppose -12 = -2*h - 5*z, h - 5*z = -h - 28. Give m(h).
-2
Let q(v) = -2*v + 8. Let l = -12 + 10. Let s be (-36)/l*5/15. Determine q(s).
-4
Let v be 4/(-2) - 10/(-2). Suppose -2*g + v = -3. Let a(k) = k**2 - k + 1. What is a(g)?
7
Let f(q) = 9*q. Let s(c) = -4*c. Let g(x) = x**2 + 9*x - 7. Let n be g(-9). Let r(d) = n*s(d) - 3*f(d). Calculate r(2).
2
Let n(q) be the first derivative of -q**4/4 + 5*q**3/3 - 2*q**2 + 2*q - 5. Suppose 4*g - 32 = -4*a, 3*g + 4 = 5*a - 4. Give n(g).
2
Let b be (-9 + 7)/(-1 - 1). Let q(k) = b + k + k**3 - 3*k + 0*k. Give q(1).
0
Let y(i) = i + 3*i + 2*i - 5*i - 2. Let o be y(7). Suppose o*r - 4*r - 2 = 0. Let n(a) = -a**2. Give n(r).
-4
Let l(k) = k - 1. Let x(t) = 7*t - 2. Let b(f) = -3*l(f) + x(f). Let q = -54 - -37. Let m = q - -18. Calculate b(m).
5
Let u(r) be the third derivative of -r**6/120 - r**5/30 + r**4/12 - r**3/6 + r**2. Suppose 4*d = 9*d + 15. What is u(d)?
2
Suppose 0*o - 4*o = 0. Suppose o = 3*t - c - c + 15, 3*c = -3*t - 15. Let u(k) = k**3 + 6*k**2 + 6*k. Give u(t).
-5
Suppose -2*a = -4*a. Let p be ((1 - 0) + a)*5. Let f(z) = 0*z + 4*z - p*z + 7*z**2. Calculate f(1).
6
Let n(a) = a**3 + 6*a**2 - 3*a - 9. Suppose o + 3*o + 2 = -3*f, 0 = -2*f + 4*o - 28. What is n(f)?
9
Suppose 2*z - 25 = -3*z. Let l(p) be the second derivative of p**4/12 - 2*p**3/3 - 5*p**2/2 + 8*p. Calculate l(z).
0
Let f(c) = -c**2 - 10. Let n(p) = -2*p**2 - p - 19. Let z(o) = 11*f(o) - 6*n(o). Calculate z(-5).
-1
Let b be -16*(-1 - 2/(-4)). Let o be -1 - (1 - 3 - 1). Let v = b - o. Let r(s) = -s**3 + 5*s**2 + 5*s + 2. Calculate r(v).
-4
Let g(n) be the first derivative of -n**5/10 + n**4/6 - n**3/6 - n**2/2 + 6*n + 4. Let b(j) be the first derivative of g(j). Give b(2).
-11
Let d(v) be the second derivative of -v**3/2 - 7*v**2/2 + 8*v. Suppose 4*h = -16 - 4. Determine d(h).
8
Let a(g) = g + 6. Let h(k) = -k**3 - 4*k**2 - 3*k + 3. Let t be h(-3). Let r(w) = w + 7. Let q(o) = t*a(o) - 2*r(o). Determine q(-4).
0
Suppose p + 8 = -3*p. Let d(x) be the first derivative of 1/2*x**2 - 2 + x. Give d(p).
-1
Let i(u) = -u + 2. Suppose 5*o + 5*x - 5 = 0, -o + x = -0*o + 9. Give i(o).
6
Let f = 16 - 17. Let k = -6 - f. Let s(a) = a**2 + 4*a - 4. Calculate s(k).
1
Let n be (-6)/(-4) - (-20)/(-16)*-2. Let f(t) = 3*t - 5. Give f(n).
7
Let v(l) = -l**2 - 5*l + 7. Suppose 12 = c - 3*c. Determine v(c).
1
Let x(g) = -g**3 - g**2 - 45*g + 50*g - 2*g**2 + 6. What is x(-4)?
2
Let z(h) = -h**2 - 7*h - 8. Let s be z(-4). Let d(c) = c**3 - 5*c**2 + 3*c - 1. What is d(s)?
-5
Let z(n) = 2*n**2 - 4*n. Let a = 35 - 32. Calculate z(a).
6
Let k = 8 - 5. Suppose -k*t = -7 + 1. Let r(w) be the third derivative of -w**5/30 - w**4/8 + w**3/6 + w**2. Calculate r(t).
-13
Let s(j) = -3*j**2 + 2*j + 8. Let r(k) = 2*k**2 - 2*k - 7. Let i(x) = -4*r(x) - 3*s(x). Let f(y) be the first derivative of i(y). Give f(-2).
-2
Suppose -2*b + 1 = 7. Let n(l) = l + 6. Let d(w) = 1. Let z(h) = h + 4. Let s be z(-3). Let t(p) = s*n(p) - 4*d(p). Give t(b).
-1
Let b = 1 + 1. Suppose 2*u + 5*p + 6 + 10 = 0, -b*u - 2*p - 4 = 0. Let v(k) = -4*k + k**2 + 0*k**u + k - 2. What is v(4)?
2
Let b(c) be the second derivative of 1/6*c**3 + 0 - 2*c - 9/2*c**2. Suppose -o - 3*o = -20. Give b(o).
-4
Let b(z) = z - 1. Let v be -1*(-1 + 3/3). Suppose 3*n - 50 = 4*h, 3*n - 2*n - 4*h - 30 = v. Let u = 15 - n. What is b(u)?
4
Let b(o) be the second derivative of 1/6*o**3 + 6*o + 4*o**2 + 0. Give b(-6).
2
Suppose 11 = -10*n + 51. Let x(t) = -t**3 + 3*t**2 + 5*t - 4. What is x(n)?
0
Let k(g) = -g. Let q be k(-2). Let i(f) be the first derivative of -4*f - 2*f**q + 1 + 5*f + 3 - 2. What is i(2)?
-7
Let g(x) = x**2 - 8*x + 7. Suppose -5*b + 14 = -11. What is g(b)?
-8
Let i(b) = b**2 - b + 6. Suppose -2*s - 3*s + 70 = 0. Let n be 2/(-14) + 2/s. Determine i(n).
6
Let a(k) = -k + 14. Let o be a(11). Let m(l) = -l**3 + 2*l**2 + 5*l - 4. Determine m(o).
2
Let f = 115 - 107. Let i(m) = -m**2 + 9*m - 6. What is i(f)?
2
Let m(k) = 12*k + 2. Suppose 0 = -p + 30 - 28. What is m(p)?
26
Let n(w) = -w**2 - w. Let y be (1 + -2)*3 - 3. Let i be (y/(-4) + -2)*4. Calculate n(i).
-2
Let c(t) = 9*t**3 - 4*t**2 - 3 - 10*t**3 + 2. Calculate c(-4).
-1
Let y(z) = 3*z**3 - 3*z**2 + z + 2. Let g(l) = l**3 - 3*l**2 - 11*l + 7. Let u be g(5). Give y(u).
16
Suppose -t - 4 = 3*t. Let r be t/3 - 6/9. Let q = -1 - r. Let o(g) = g**3 - g - 11. Give o(q).
-11
Let y(k) be the second derivative of -1/3*k**3 - 4*k + 0 - 2*k**2. Give y(-3).
2
Suppose -r + 5*h = 0, 4*r = r - 2*h. Suppose 4*x + q = -0*q + 7, 5*x - 5*q + 10 = r. Let l(z) = 6*z. Determine l(x).
6
Suppose 3*w + a - 5 = -0, 0 = -4*w + a + 2. Let i(u) = 3 - 2*u + 3*u - 2 + w. Determine i(4).
6
Let v = 2 - -4. Let l be v/(-27) - (-38)/9. Let f(m) = 3*m + 0*m - l*m + 1. Calculate f(4).
-3
Let v(m) = 2*m**2 + 16*m + 3. Let h be v(-8). Let f(j) be the second derivative of 1/3*j**3 + 0 - 1/10*j**5 + 0*j**4 - 1/2*j**2 + h*j. Calculate f(1).
-1
Let k(u) = -u**2 - 5*u - 6. Suppose -9*m - 24 = -5*m. Give k(m).
-12
Let q(n) = -n**2 + n. Let i(s) = -4*s**2 + 10*s - 3. Let d(u) = i(u) - 3*q(u). Let l = 31 + -25. Determine d(l).
3
Let i(p) be the second derivative of -p**3/6 - 27*p. Let m be (-14)/(-4) - (-1)/2. Suppose 0 = q - 0*q + m. What is i(q)?
4
Let s(k) = 5 - 2 + 0 + k. Let j(c) = c - 2. Let m be j(5). Suppose m - 15 = 3*b. Calculate s(b).
-1
Suppose 20 = 4*n + 8. Let u(h) = -h**2 + 6*h + 1. What is u(n)?
10
Let o(s) = 4*s**2 + 2*s + 12. Let l(h) = 9*h**2 + 5*h +